{"id":3616,"date":"2022-06-15T08:58:10","date_gmt":"2022-06-15T13:58:10","guid":{"rendered":"https:\/\/etxeondo.co\/?post_type=product&#038;p=3616"},"modified":"2023-12-14T14:30:38","modified_gmt":"2023-12-14T19:30:38","slug":"culote-corto-orhi-dinamic","status":"publish","type":"product","link":"https:\/\/etxeondo.co\/index.php\/product\/culote-corto-orhi-dinamic\/","title":{"rendered":"CULOTE CORTO ORHI DINAMIC"},"content":{"rendered":"<div class=\"col-md-7 product-description-long-text\">\n<p>El Orhi Dinamic es la \u00faltima innovaci\u00f3n de la temporada Primavera\/Verano 2022. Un largo camino en dise\u00f1o, investigaci\u00f3n y desarrollo de materiales para dar forma a un culote de alto rendimiento que se siente como una segunda piel. Ello se debe a un proceso exclusivo de fabricaci\u00f3n en tan solo dos piezas y en forma de tubo, reduciendo las costuras al m\u00e1ximo, sin bordado trasero y con terminaci\u00f3n de la pierna en corte vivo para conseguir una adaptaci\u00f3n perfecta que se asemeja a las sensaciones de un buzo de crono de competici\u00f3n.<\/p>\n<p>Dise\u00f1ado con el tejido Powersystem Dinamic y desarrollado para conseguir una alta comprensi\u00f3n, adaptabilidad y elasticidad con una protecci\u00f3n solar 50+ (UVA). La tecnolog\u00eda empleada en la uni\u00f3n de sus fibras permite obtener un tejido con una excelente compresi\u00f3n muscular y un ajuste con sensaci\u00f3n de segunda piel.<\/p>\n<p>Compuesto por fibras ligeras, flexibles y resistentes que permiten obtener un tejido con una perfecta adaptaci\u00f3n al cuerpo. Hilos ligeros, flexibles y resistentes para mejorar el rendimiento muscular y buscar un mayor confort durante la actividad.<\/p>\n<p>Incorpora la badana Urraki, una badana de m\u00e1ximo rendimiento muy apreciada y valorada entre los ciclistas profesionales. Compuesta por diferentes piezas de espuma viscoel\u00e1stica de alta recuperaci\u00f3n con memoria, cada una de ellas con la densidad precisa seg\u00fan la zona a proteger para evitar puntos de presi\u00f3n y mejorar el apoyo sobre el sill\u00edn.https:\/\/etxeondo.co\/wp-admin\/post.php?post=3616&amp;action=edit#<\/p>\n<p>La badana se fabrica con tejido exterior de microfibra para reducir la temperatura de la piel con la fricci\u00f3n, sin uso de pegamento o estampados exteriores para evitar reacciones al\u00e9rgicas y con tratamiento antibacteriano.<\/p>\n<p>Adem\u00e1s, la tecnolog\u00eda Precision &amp; Movement permite dar la forma anat\u00f3mica perfecta a la badana para que el posicionamiento en el culote sea simplemente excelente y se confecciona con hilo el\u00e1stico de la m\u00e1xima calidad para conseguir una costura flexible que ofrece una alta adaptaci\u00f3n de la badana a la anatom\u00eda del ciclista.<\/p>\n<p>Recomendado para los ciclistas que busquen las mejores prestaciones de rendimiento en una prenda con sensaciones de segunda piel.<\/p>\n<\/div>\n","protected":false},"excerpt":{"rendered":"<h3 class=\"product-detail-description-title\">Un paso m\u00e1s en la evoluci\u00f3n.<\/h3>\n<p>Dise\u00f1ado con el tejido Powersystem Dinamic y desarrollado para conseguir una alta comprensi\u00f3n, adaptabilidad y elasticidad con una protecci\u00f3n solar 50+ (UVA). La tecnolog\u00eda empleada en la uni\u00f3n de sus fibras permite obtener un tejido con una excelente compresi\u00f3n muscular y un ajuste con sensaci\u00f3n de segunda piel<\/p>\n","protected":false},"featured_media":3627,"template":"","meta":{"_acf_changed":false},"product_cat":[106,139,94,125,154],"product_tag":[],"class_list":{"0":"post-3616","1":"product","2":"type-product","3":"status-publish","4":"has-post-thumbnail","6":"product_cat-culote-hombre","7":"product_cat-dsi01","8":"product_cat-hombre","9":"product_cat-orhi","10":"product_cat-orhi-dinamic-culote-hombre","11":"pa_color-negro","13":"first","14":"instock","15":"taxable","16":"shipping-taxable","17":"purchasable","18":"product-type-variable","19":"has-default-attributes","20":"wvs-archive-product-wrapper","21":"rtwpvg-product"},"acf":[],"_links":{"self":[{"href":"https:\/\/etxeondo.co\/index.php\/wp-json\/wp\/v2\/product\/3616","targetHints":{"allow":["GET"]}}],"collection":[{"href":"https:\/\/etxeondo.co\/index.php\/wp-json\/wp\/v2\/product"}],"about":[{"href":"https:\/\/etxeondo.co\/index.php\/wp-json\/wp\/v2\/types\/product"}],"wp:featuredmedia":[{"embeddable":true,"href":"https:\/\/etxeondo.co\/index.php\/wp-json\/wp\/v2\/media\/3627"}],"wp:attachment":[{"href":"https:\/\/etxeondo.co\/index.php\/wp-json\/wp\/v2\/media?parent=3616"}],"wp:term":[{"taxonomy":"product_cat","embeddable":true,"href":"https:\/\/etxeondo.co\/index.php\/wp-json\/wp\/v2\/product_cat?post=3616"},{"taxonomy":"product_tag","embeddable":true,"href":"https:\/\/etxeondo.co\/index.php\/wp-json\/wp\/v2\/product_tag?post=3616"}],"curies":[{"name":"wp","href":"https:\/\/api.w.org\/{rel}","templated":true}]}}